 3. Let p = -80 + 48. Let t be 20/(-8)*(p/10)/(-4). What is the tens digit of k(t)?
2
Suppose -4*f = 5*s - 25 - 5, 2*s = -4*f + 24. Suppose -3*h - i + 729 = 0, f*h - 533 = -i + 682. What is the hundreds digit of h?
2
Let z(j) = 134*j - 275*j - 5*j**2 + 143*j - j**3 + 706. What is the units digit of z(0)?
6
Suppose -5*l + 4*n + 73342 = -49950, -73962 = -3*l - 2*n. What is the ten thousands digit of l?
2
Suppose -75*n - 123*n - 3280024 = -11505142. What is the tens digit of n?
4
Suppose 2534 = -5*i + 16464. Suppose 12*p - 7174 - i = 0. What is the hundreds digit of p?
8
Let k(o) = 470*o**3 + 3*o**2 + 14*o - 29. What is the hundreds digit of k(2)?
7
What is the ten thousands digit of 4/14 + 104709147/2779?
3
Suppose -29*v - 1947749 + 388884 = -84*v. What is the ten thousands digit of v?
2
Let d be (-424)/10 - (-2)/5. Let v(p) = 42*p - 64. Let g be v(1). Let y = g - d. What is the units digit of y?
0
Suppose 0 = -2*g - 429 + 59. Let m = g - -401. What is the tens digit of m?
1
Suppose 5*x - 4*v = 60410, 36248 = 3*x - 12*v + 10*v. What is the ten thousands digit of x?
1
Let b = 19127 - 1293. What is the hundreds digit of b?
8
Suppose -14 = -3*o - 3*b + 7*b, -2*b = -o + 4. What is the units digit of 632 - (10*(-3)/6 + o)?
1
Suppose 18*w - 250290 = 115618 - 5548. What is the hundreds digit of w?
0
Let m be 34 + -3 + -5 + -5. Suppose -9275 = -5*h - 2*w, m*h - 16*h + 3*w = 9280. What is the thousands digit of h?
1
What is the units digit of ((-444)/8)/(135/15*2/(-12))?
7
Suppose -4*i = 4*z - 9 + 1, 4*i - 4 = -3*z. Let x(c) = c**3 - 7 - c**2 + 2 + c**3 + z*c + 0. What is the units digit of x(3)?
2
Suppose -3*u + 22599 = -5*j, -6*j + 2*j = 2*j. What is the tens digit of u?
3
Let l(k) = 27*k**2 + 22*k + 38. Let i be l(-9). Suppose i + 1053 = 8*n. What is the tens digit of n?
8
Suppose 3 + 6 = 3*w. Let t(f) = -2*f**3 - 12*f**2 + 10*f + 66. Let p be t(-9). Suppose 0 = -w*v - 3*v + p. What is the tens digit of v?
7
What is the units digit of ((-24)/14)/((-285)/2919350)?
0
Let b be (-8)/(-6)*-5*12/(-80). Let i be b*-2*3/3. What is the units digit of i/(4 + 782/(-195))?
5
Let n(t) = 11*t**2 - 486*t - 250. What is the tens digit of n(91)?
1
Let z be (1*(-8)/5)/((-92)/230). Suppose -2*g - z*h + 664 = 0, 2*g + 0*g = -3*h + 664. What is the units digit of g?
2
Let q(h) = 3*h**2 + 2*h - 4*h + 0*h + 3*h + 11. Let y be q(0). Suppose -10*d = -y*d + 219. What is the units digit of d?
9
Suppose -2*g + 3*n - 1 + 8 = 0, -3*g - 4*n - 15 = 0. Let c be ((-1616)/20)/(g + 16/20). Suppose 142 = -2*y + c. What is the tens digit of y?
3
Let w be (4/6)/(19/228). Suppose -4*o + 4*k = 176, 4*k = 2*o + w*k + 64. What is the units digit of (0 + 105/28)/((-2)/o)?
5
Let o = 5 - 0. Suppose h - 7 = o. Let g(r) = r**2 + 2*r + 12. What is the units digit of g(h)?
0
Let p = -456 + 862. Let h = p + -339. What is the tens digit of h?
6
Suppose 3*b - 5922 = 4*a + 7354, 0 = 2*a - 10. What is the tens digit of b?
3
Let j(i) = 23016*i + 550. What is the hundreds digit of j(1)?
5
Suppose -3*c + 2*t + 782 = 0, 5*c - 2*t = 4*c + 258. Suppose 7*i - c = 165. What is the units digit of i?
1
Let l(o) = -23*o**3 - 3*o**2 - 15*o - 71. Let j be l(-4). Let a = 2173 - j. What is the units digit of a?
0
Suppose -5*x + l = 3*l - 40, x - 8 = -l. Suppose x*v = v - 3*v. Suppose d = 5*d + j - 662, v = -j + 2. What is the hundreds digit of d?
1
Let z be 5 + 1*(0 - 2). Let q(l) = -10*l - 7. Let a be q(-1). Suppose -z*d + 251 = -j, -d = -2*d - a*j + 77. What is the tens digit of d?
8
Let d = -284 + 284. Suppose d = -5*w + 2898 + 2177. What is the units digit of w?
5
Let s(y) = -5. Let w(f) = f - 11. Let n(k) = 5*s(k) - 2*w(k). Let v be n(-3). Suppose 296 = 7*r - v*r. What is the units digit of r?
4
Let z be (-1*1)/(8 - 9). Suppose -30 = 3*s - 5*n + 59, -2*n = -2. What is the units digit of (679/s)/(z/(-4))?
7
Suppose -4 = -4*k - 0, -2*g + 444 = 2*k. Suppose 4*f = 5*y - 430, 5*f = -2*y - y + g. What is the tens digit of y?
8
Let y = -29548 - -51465. What is the hundreds digit of y?
9
Let h = 19095 - 10251. What is the tens digit of h?
4
Suppose -712 = -116*z + 112*z. Suppose 181*k - 1665 = z*k. What is the tens digit of k?
5
Let z = 107 - 189. Suppose 14*c + 1168 = -1170. Let t = z - c. What is the tens digit of t?
8
Suppose 0 = -3*y + 2*k + 11, 5*y = 2*k + 11 + 6. Let z be (-4)/6*-24*224/14. Suppose -r = 2*u - z, y*u - 394 = 3*r - 7*r. What is the units digit of u?
6
Let w(p) = -2 - 7 - p + p**3 + 3*p - 5*p**2 - 5*p. Let l be w(6). Suppose l*z + 569 = 2135. What is the tens digit of z?
7
Let b(x) be the first derivative of -x + 25/2*x**2 - 28 + x**3. What is the tens digit of b(3)?
0
Suppose -2*b + 508 = -386. Let m = 39 + b. What is the units digit of m?
6
Suppose 2178 = 8*c - 19*c. What is the hundreds digit of 2 - 33/18 - 186681/c?
9
Let v(x) = 39*x**3 - x**2 + 4*x + 33. What is the tens digit of v(5)?
0
Let x(l) = 6*l**2 + 10*l - 12. Let q be x(1). Let v(n) = 6*n**2 + 5*n**2 + 6 - 3*n**2 - 3*n**2 + 3*n. What is the units digit of v(q)?
8
Suppose 0 = -4*c - 2*w + 80, -3*c - 3*w + 42 + 18 = 0. Suppose -c*q + 16528 = -5992. What is the tens digit of q?
2
Suppose 980343 = -2*u - 3*u + 32*u. What is the ten thousands digit of u?
3
Let z = 987 + -970. Suppose -z*l = 7*l - 27360. What is the units digit of l?
0
Let o = -167 - -178. What is the units digit of 2/o - 81280/(-176)?
2
Suppose 32*o = o + 14*o + 291057. What is the thousands digit of o?
7
Suppose 728*v = 737*v - 212670. What is the ten thousands digit of v?
2
Let v = -3 + 33. Let c be 1176/v + (-8)/(-10). Let s = 69 - c. What is the units digit of s?
9
Let b(q) be the third derivative of q**5/20 - 5*q**4/8 - 4*q**3/3 + q**2. Let h = 2146 - 2135. What is the hundreds digit of b(h)?
1
Let t(f) = -35*f**2 + 10*f + 14. Let w be t(-4). Let y = -265 - w. What is the tens digit of y?
2
Suppose -2*h = -6*h - 3*h + 130529. What is the hundreds digit of h?
6
Suppose 5*x - 147 = -16*x. Suppose x*u - 465 = 109. What is the tens digit of u?
8
Let i = 857 + -1869. Let w = 340 - i. What is the thousands digit of w?
1
Suppose -11*g - 4*j = -7*g - 84, -g = -3*j - 9. What is the hundreds digit of (127 + 2)*132/g?
9
Suppose -194*t = -216*t + 1192444. What is the hundreds digit of t?
2
Suppose -318*j + 292*j = -662896. What is the thousands digit of j?
5
Let h be ((-210)/(-4))/(7/182). Suppose 0 = 2*n - 5*w + 8, 17 = 3*n + w - 5. Suppose -n*a = -f - 7*a + 277, 5*f + a - h = 0. What is the tens digit of f?
7
What is the tens digit of (-324)/270 - (-1332667)/35?
7
Let c = 61 - 56. Suppose -l - 301 = -3*b + 25, 114 = b + c*l. What is the units digit of b?
9
Suppose 0 = 6*t - 8 - 4. Suppose -4*g = -3*p - 9 - 2, 2*p = g - 4. What is the units digit of t/6*642/g?
7
Suppose 5*t - m = 4*t + 10, 3*t + 2*m - 5 = 0. Suppose -210 + 595 = -5*y + 5*q, 0 = -y + t*q - 85. Let b = y + 117. What is the tens digit of b?
4
Suppose -5*l + 11646 = -924. What is the tens digit of 3/((-21)/l*478 + 4)?
1
What is the hundreds digit of -14138*(30/(-12) + 18/9)?
0
Let a = 159 - 59. Let c = -75 + a. Suppose 2*p - c = -w + 214, 3*p - 356 = -2*w. What is the hundreds digit of p?
1
Let a(m) = -12*m - 27. Let c be a(-8). Let o = c + -23. What is the tens digit of (-27 + 12)*(o/(-6) - 1)?
3
Let k(b) = -2*b - 16. Suppose -p - 4*q - 36 = p, 0 = p + 4*q + 28. Let m be k(p). Suppose 5*z + 384 = 3*y, m*z = -z. What is the units digit of y?
8
Suppose 74*d - 88*d + 70784 = 0. Suppose d = 6*t + 1120. What is the tens digit of t?
5
What is the hundreds digit of ((-1)/(-7))/(19/13036527*9)?
8
Let p(x) = 64*x**2 - 4*x + 4. Let v(k) = -k - 17. Let w be v(8). Let n = -24 - w. What is the tens digit of p(n)?
6
Let g be 4 + 3 + (-4 - 3). Suppose g = -5*d - 390 + 1420. What is the tens digit of d?
0
Let g = 9553 - -25911. What is the thousands digit of g?
5
Let y(c) = 6958*c + 2714. What is the tens digit of y(5)?
0
What is the hundreds digit of (-8)/20 + 0 - (-42678)/45?
9
Let b(l) = -4*l**2 + 74*l + 2. Let i be b(28). Let z = i - -2109. What is the thousands digit of z?
1
Let x(o) be the second derivative of 17*o**4/12 + 13*o**3/3 + 5*o**2/2 + o - 187. What is the tens digit of x(-2)?
2
Let q(u) = -u**2 + 127*u + 436. What is the thousands digit of q(43)?
4
Suppose -3*v - 7*g = -2*g - 3761, 2*v - 2478 = 4*g. What is the te